{"id":542,"date":"2014-09-04T15:41:53","date_gmt":"2014-09-04T18:41:53","guid":{"rendered":"https:\/\/jundiai.sp.gov.br\/saude\/?page_id=542"},"modified":"2024-05-02T09:55:18","modified_gmt":"2024-05-02T12:55:18","slug":"relacao-de-medicamentos","status":"publish","type":"page","link":"https:\/\/jundiai.sp.gov.br\/saude\/relacao-de-medicamentos\/","title":{"rendered":"Rela\u00e7\u00e3o de Medicamentos Disponibilizados pelo SUS"},"content":{"rendered":"\n<h1 class=\"wp-block-heading\">Rela\u00e7\u00e3o de Medicamentos Disponibilizados pelo SUS<\/h1>\n\n\n\n<p>A Rela\u00e7\u00e3o Municipal de Medicamentos Essenciais \u00e9 composta pelos medicamentos que s\u00e3o disponibilizados mediante receita m\u00e9dica nas Unidades B\u00e1sicas, Unidades de Sa\u00fade da Fam\u00edlia, Policl\u00ednicas e Ambulat\u00f3rios.<\/p>\n\n\n\n<p><\/p>\n","protected":false},"excerpt":{"rendered":"<p>Rela\u00e7\u00e3o de Medicamentos Disponibilizados pelo SUS A Rela\u00e7\u00e3o Municipal de Medicamentos Essenciais \u00e9 composta pelos medicamentos que s\u00e3o disponibilizados mediante receita m\u00e9dica nas Unidades B\u00e1sicas, Unidades de Sa\u00fade da Fam\u00edlia, Policl\u00ednicas e Ambulat\u00f3rios.<\/p>\n","protected":false},"author":14,"featured_media":0,"parent":0,"menu_order":0,"comment_status":"closed","ping_status":"closed","template":"page-iframe-menu.php","meta":{"footnotes":""},"class_list":["post-542","page","type-page","status-publish","hentry"],"_links":{"self":[{"href":"https:\/\/jundiai.sp.gov.br\/saude\/wp-json\/wp\/v2\/pages\/542","targetHints":{"allow":["GET"]}}],"collection":[{"href":"https:\/\/jundiai.sp.gov.br\/saude\/wp-json\/wp\/v2\/pages"}],"about":[{"href":"https:\/\/jundiai.sp.gov.br\/saude\/wp-json\/wp\/v2\/types\/page"}],"author":[{"embeddable":true,"href":"https:\/\/jundiai.sp.gov.br\/saude\/wp-json\/wp\/v2\/users\/14"}],"replies":[{"embeddable":true,"href":"https:\/\/jundiai.sp.gov.br\/saude\/wp-json\/wp\/v2\/comments?post=542"}],"version-history":[{"count":10,"href":"https:\/\/jundiai.sp.gov.br\/saude\/wp-json\/wp\/v2\/pages\/542\/revisions"}],"predecessor-version":[{"id":5435,"href":"https:\/\/jundiai.sp.gov.br\/saude\/wp-json\/wp\/v2\/pages\/542\/revisions\/5435"}],"wp:attachment":[{"href":"https:\/\/jundiai.sp.gov.br\/saude\/wp-json\/wp\/v2\/media?parent=542"}],"curies":[{"name":"wp","href":"https:\/\/api.w.org\/{rel}","templated":true}]}}