{"id":5509,"date":"2024-06-06T15:24:59","date_gmt":"2024-06-06T18:24:59","guid":{"rendered":"https:\/\/jundiai.sp.gov.br\/saude\/?page_id=5509"},"modified":"2025-07-22T11:47:36","modified_gmt":"2025-07-22T14:47:36","slug":"saude-mental","status":"publish","type":"page","link":"https:\/\/jundiai.sp.gov.br\/saude\/protocolos\/saude-mental\/","title":{"rendered":"Sa\u00fade Mental"},"content":{"rendered":"\n<div class=\"wp-block-file\"><a id=\"wp-block-file--media-3c6a6c54-c795-4413-828a-2061143644f9\" href=\"https:\/\/jundiai.sp.gov.br\/saude\/wp-content\/uploads\/sites\/17\/2024\/08\/acolhimento.pdf\" target=\"_blank\" rel=\"noreferrer noopener\">Acolhimento Em Sa\u00fade Mental<\/a><a href=\"https:\/\/jundiai.sp.gov.br\/saude\/wp-content\/uploads\/sites\/17\/2024\/08\/acolhimento.pdf\" class=\"wp-block-file__button wp-element-button\" download aria-describedby=\"wp-block-file--media-3c6a6c54-c795-4413-828a-2061143644f9\">Baixar<\/a><\/div>\n\n\n\n<div class=\"wp-block-file\"><a id=\"wp-block-file--media-bc82d0bf-c934-48ca-bce3-4ca3b70edb96\" href=\"https:\/\/jundiai.sp.gov.br\/saude\/wp-content\/uploads\/sites\/17\/2024\/08\/fluxo-sa_de-mental.pdf\" target=\"_blank\" rel=\"noreferrer noopener\">Fluxo Para Atendimento De Demandas Em Sa\u00fade Mental<\/a><a href=\"https:\/\/jundiai.sp.gov.br\/saude\/wp-content\/uploads\/sites\/17\/2024\/08\/fluxo-sa_de-mental.pdf\" class=\"wp-block-file__button wp-element-button\" download aria-describedby=\"wp-block-file--media-bc82d0bf-c934-48ca-bce3-4ca3b70edb96\">Baixar<\/a><\/div>\n\n\n\n<div class=\"wp-block-file\"><a id=\"wp-block-file--media-b70ac4d2-2124-42da-986b-e152579e9343\" href=\"https:\/\/jundiai.sp.gov.br\/saude\/wp-content\/uploads\/sites\/17\/2024\/06\/protocolo-cl_nico-para-crise-suicida.pdf\" target=\"_blank\" rel=\"noreferrer noopener\">Protocolo Cl\u00ednico para Crise Suic\u00edda<\/a><a href=\"https:\/\/jundiai.sp.gov.br\/saude\/wp-content\/uploads\/sites\/17\/2024\/06\/protocolo-cl_nico-para-crise-suicida.pdf\" class=\"wp-block-file__button wp-element-button\" download aria-describedby=\"wp-block-file--media-b70ac4d2-2124-42da-986b-e152579e9343\">Baixar<\/a><\/div>\n\n\n\n<div class=\"wp-block-file\"><a id=\"wp-block-file--media-77099c7e-0c98-4992-b967-814d1859606c\" href=\"https:\/\/jundiai.sp.gov.br\/saude\/wp-content\/uploads\/sites\/17\/2024\/09\/cartilha-prevencao-ao-suicidio_compressed.pdf\" target=\"_blank\" rel=\"noreferrer noopener\">Preven\u00e7\u00e3o ao Suic\u00eddio<\/a><a href=\"https:\/\/jundiai.sp.gov.br\/saude\/wp-content\/uploads\/sites\/17\/2024\/09\/cartilha-prevencao-ao-suicidio_compressed.pdf\" class=\"wp-block-file__button wp-element-button\" download aria-describedby=\"wp-block-file--media-77099c7e-0c98-4992-b967-814d1859606c\">Baixar<\/a><\/div>\n\n\n\n<div class=\"wp-block-file\"><a id=\"wp-block-file--media-c25fda03-c61b-48c4-8b99-236771570840\" href=\"https:\/\/jundiai.sp.gov.br\/saude\/wp-content\/uploads\/sites\/17\/2024\/09\/guarda-segura-de-medica__o_compressed.pdf\" target=\"_blank\" rel=\"noreferrer noopener\">Uso Abusivo de Medicamentos e Risco de Suic\u00eddio &#8211; Medidas Preventivas<\/a><a href=\"https:\/\/jundiai.sp.gov.br\/saude\/wp-content\/uploads\/sites\/17\/2024\/09\/guarda-segura-de-medica__o_compressed.pdf\" class=\"wp-block-file__button wp-element-button\" download aria-describedby=\"wp-block-file--media-c25fda03-c61b-48c4-8b99-236771570840\">Baixar<\/a><\/div>\n\n\n\n<div class=\"wp-block-file\"><a id=\"wp-block-file--media-2bb183c6-fb06-4393-b56a-fa8b529bce39\" href=\"https:\/\/jundiai.sp.gov.br\/saude\/wp-content\/uploads\/sites\/17\/2024\/09\/boletim-epidemiol_gico-2024-setembro-amarelo.pdf\" target=\"_blank\" rel=\"noreferrer noopener\">Boletim Epidemiol\u00f3gico 2024 &#8211; Suic\u00eddio<\/a><a href=\"https:\/\/jundiai.sp.gov.br\/saude\/wp-content\/uploads\/sites\/17\/2024\/09\/boletim-epidemiol_gico-2024-setembro-amarelo.pdf\" class=\"wp-block-file__button wp-element-button\" download aria-describedby=\"wp-block-file--media-2bb183c6-fb06-4393-b56a-fa8b529bce39\">Baixar<\/a><\/div>\n\n\n\n<div class=\"wp-block-file\"><a id=\"wp-block-file--media-214ca783-d5ab-402c-956d-210e89e9b6cd\" href=\"https:\/\/jundiai.sp.gov.br\/saude\/wp-content\/uploads\/sites\/17\/2024\/12\/revista-desencapsulando_raps_2024.pdf\" target=\"_blank\" rel=\"noreferrer noopener\">Revista DESencapsulando_RAPS_2024<\/a><a href=\"https:\/\/jundiai.sp.gov.br\/saude\/wp-content\/uploads\/sites\/17\/2024\/12\/revista-desencapsulando_raps_2024.pdf\" class=\"wp-block-file__button wp-element-button\" download aria-describedby=\"wp-block-file--media-214ca783-d5ab-402c-956d-210e89e9b6cd\">Baixar<\/a><\/div>\n\n\n\n<div class=\"wp-block-file\"><a id=\"wp-block-file--media-ded0f235-9acb-45fb-8ca7-58fe0b2ed4c8\" href=\"https:\/\/jundiai.sp.gov.br\/saude\/wp-content\/uploads\/sites\/17\/2025\/07\/nota-t_cnica-_-projeto-terap_utico-singular-_-pts-_-final.pdf\" target=\"_blank\" rel=\"noreferrer noopener\">Nota T\u00e9cnica &#8211; Projeto Terap\u00eautico Singular (PTS)<\/a><a href=\"https:\/\/jundiai.sp.gov.br\/saude\/wp-content\/uploads\/sites\/17\/2025\/07\/nota-t_cnica-_-projeto-terap_utico-singular-_-pts-_-final.pdf\" class=\"wp-block-file__button wp-element-button\" download aria-describedby=\"wp-block-file--media-ded0f235-9acb-45fb-8ca7-58fe0b2ed4c8\">Baixar<\/a><\/div>\n\n\n\n<div class=\"wp-block-file\"><a id=\"wp-block-file--media-bf500c88-ddc7-40c1-86c6-9aba61dfa39b\" href=\"https:\/\/jundiai.sp.gov.br\/saude\/wp-content\/uploads\/sites\/17\/2025\/07\/nota-t_cnica-transi__o-do-cuidado-de-jovens.pdf\" target=\"_blank\" rel=\"noreferrer noopener\">Nota T\u00e9cnica  &#8211; Transi\u00e7\u00e3o do Cuidado de Jovens<\/a><a href=\"https:\/\/jundiai.sp.gov.br\/saude\/wp-content\/uploads\/sites\/17\/2025\/07\/nota-t_cnica-transi__o-do-cuidado-de-jovens.pdf\" class=\"wp-block-file__button wp-element-button\" download aria-describedby=\"wp-block-file--media-bf500c88-ddc7-40c1-86c6-9aba61dfa39b\">Baixar<\/a><\/div>\n","protected":false},"excerpt":{"rendered":"","protected":false},"author":8,"featured_media":0,"parent":4808,"menu_order":0,"comment_status":"closed","ping_status":"closed","template":"","meta":{"footnotes":""},"class_list":["post-5509","page","type-page","status-publish","hentry"],"_links":{"self":[{"href":"https:\/\/jundiai.sp.gov.br\/saude\/wp-json\/wp\/v2\/pages\/5509","targetHints":{"allow":["GET"]}}],"collection":[{"href":"https:\/\/jundiai.sp.gov.br\/saude\/wp-json\/wp\/v2\/pages"}],"about":[{"href":"https:\/\/jundiai.sp.gov.br\/saude\/wp-json\/wp\/v2\/types\/page"}],"author":[{"embeddable":true,"href":"https:\/\/jundiai.sp.gov.br\/saude\/wp-json\/wp\/v2\/users\/8"}],"replies":[{"embeddable":true,"href":"https:\/\/jundiai.sp.gov.br\/saude\/wp-json\/wp\/v2\/comments?post=5509"}],"version-history":[{"count":10,"href":"https:\/\/jundiai.sp.gov.br\/saude\/wp-json\/wp\/v2\/pages\/5509\/revisions"}],"predecessor-version":[{"id":6536,"href":"https:\/\/jundiai.sp.gov.br\/saude\/wp-json\/wp\/v2\/pages\/5509\/revisions\/6536"}],"up":[{"embeddable":true,"href":"https:\/\/jundiai.sp.gov.br\/saude\/wp-json\/wp\/v2\/pages\/4808"}],"wp:attachment":[{"href":"https:\/\/jundiai.sp.gov.br\/saude\/wp-json\/wp\/v2\/media?parent=5509"}],"curies":[{"name":"wp","href":"https:\/\/api.w.org\/{rel}","templated":true}]}}