{"id":5525,"date":"2024-06-07T17:02:09","date_gmt":"2024-06-07T20:02:09","guid":{"rendered":"https:\/\/jundiai.sp.gov.br\/saude\/?page_id=5525"},"modified":"2024-12-11T09:58:05","modified_gmt":"2024-12-11T12:58:05","slug":"saude-da-mulher-formularios-termos","status":"publish","type":"page","link":"https:\/\/jundiai.sp.gov.br\/saude\/protocolos\/saude-da-mulher\/saude-da-mulher-formularios-termos\/","title":{"rendered":"Sa\u00fade da Mulher &#8211; Formul\u00e1rios\/Termos"},"content":{"rendered":"\n<div class=\"wp-block-file\"><a id=\"wp-block-file--media-54fe92cd-b57b-4bbd-ab5f-4e634406097c\" href=\"https:\/\/jundiai.sp.gov.br\/saude\/wp-content\/uploads\/sites\/17\/2024\/06\/carteira-de-pre_natal.pdf\" target=\"_blank\" rel=\"noreferrer noopener\">Orienta\u00e7\u00f5es quanto ao uso da carteira de pr\u00e9-natal<\/a><a href=\"https:\/\/jundiai.sp.gov.br\/saude\/wp-content\/uploads\/sites\/17\/2024\/06\/carteira-de-pre_natal.pdf\" class=\"wp-block-file__button wp-element-button\" download aria-describedby=\"wp-block-file--media-54fe92cd-b57b-4bbd-ab5f-4e634406097c\">Baixar<\/a><\/div>\n\n\n\n<div class=\"wp-block-file\"><a id=\"wp-block-file--media-29188b82-3e36-4310-81da-7c2ad9fe9d73\" href=\"https:\/\/jundiai.sp.gov.br\/saude\/wp-content\/uploads\/sites\/17\/2024\/06\/encaminh_-dessensibiliza__o-gestantes-_-alergia-a-penicilina.pdf\" target=\"_blank\" rel=\"noreferrer noopener\">Encaminhamento para dessensibiliza\u00e7\u00e3o de gestantes com alergia a penicilina<\/a><a href=\"https:\/\/jundiai.sp.gov.br\/saude\/wp-content\/uploads\/sites\/17\/2024\/06\/encaminh_-dessensibiliza__o-gestantes-_-alergia-a-penicilina.pdf\" class=\"wp-block-file__button wp-element-button\" download aria-describedby=\"wp-block-file--media-29188b82-3e36-4310-81da-7c2ad9fe9d73\">Baixar<\/a><\/div>\n\n\n\n<div class=\"wp-block-file\"><a id=\"wp-block-file--media-57eb05bc-6eb6-488b-82df-02afcf1939b4\" href=\"https:\/\/jundiai.sp.gov.br\/saude\/wp-content\/uploads\/sites\/17\/2024\/06\/fluxo-agendamento-cesarea.pdf\" target=\"_blank\" rel=\"noreferrer noopener\">Fluxo para agendamento de ces\u00e1rea no Hospital Universit\u00e1rio<\/a><a href=\"https:\/\/jundiai.sp.gov.br\/saude\/wp-content\/uploads\/sites\/17\/2024\/06\/fluxo-agendamento-cesarea.pdf\" class=\"wp-block-file__button wp-element-button\" download aria-describedby=\"wp-block-file--media-57eb05bc-6eb6-488b-82df-02afcf1939b4\">Baixar<\/a><\/div>\n\n\n\n<div class=\"wp-block-file\"><a id=\"wp-block-file--media-c2f4cbde-25e7-46b8-9488-b9a3a97c1828\" href=\"https:\/\/jundiai.sp.gov.br\/saude\/wp-content\/uploads\/sites\/17\/2024\/12\/documento-desogestrel-med_enf.pdf\" target=\"_blank\" rel=\"noreferrer noopener\">Formul\u00e1rio de Dispensa\u00e7\u00e3o de Desogestrel 75mcg comprimido<\/a><a href=\"https:\/\/jundiai.sp.gov.br\/saude\/wp-content\/uploads\/sites\/17\/2024\/12\/documento-desogestrel-med_enf.pdf\" class=\"wp-block-file__button wp-element-button\" download aria-describedby=\"wp-block-file--media-c2f4cbde-25e7-46b8-9488-b9a3a97c1828\">Baixar<\/a><\/div>\n\n\n\n<div class=\"wp-block-file\"><a id=\"wp-block-file--media-b25989e7-6f40-4cbe-8499-5efc3f938439\" href=\"https:\/\/jundiai.sp.gov.br\/saude\/wp-content\/uploads\/sites\/17\/2024\/06\/formularios-mac-cirurgicos-2024.pdf\" target=\"_blank\" rel=\"noreferrer noopener\">Registro que expressa manifesta\u00e7\u00e3o de desejo de laqueadura ou vasectomia<\/a><a href=\"https:\/\/jundiai.sp.gov.br\/saude\/wp-content\/uploads\/sites\/17\/2024\/06\/formularios-mac-cirurgicos-2024.pdf\" class=\"wp-block-file__button wp-element-button\" download aria-describedby=\"wp-block-file--media-b25989e7-6f40-4cbe-8499-5efc3f938439\">Baixar<\/a><\/div>\n\n\n\n<div class=\"wp-block-file\"><a id=\"wp-block-file--media-f2eb9445-225a-4d2e-bde7-138f51ab600c\" href=\"https:\/\/jundiai.sp.gov.br\/saude\/wp-content\/uploads\/sites\/17\/2024\/06\/receituario-sifilis.pdf\" target=\"_blank\" rel=\"noreferrer noopener\">Receitu\u00e1rio S\u00edfilis<\/a><a href=\"https:\/\/jundiai.sp.gov.br\/saude\/wp-content\/uploads\/sites\/17\/2024\/06\/receituario-sifilis.pdf\" class=\"wp-block-file__button wp-element-button\" download aria-describedby=\"wp-block-file--media-f2eb9445-225a-4d2e-bde7-138f51ab600c\">Baixar<\/a><\/div>\n\n\n\n<div class=\"wp-block-file\"><a id=\"wp-block-file--media-aa27f980-377f-4eba-bd1e-3857569ae2f3\" href=\"https:\/\/jundiai.sp.gov.br\/saude\/wp-content\/uploads\/sites\/17\/2024\/06\/termo-de-consentimento-dispositivo-intrauterino-de-cobre.pdf\" target=\"_blank\" rel=\"noreferrer noopener\">Termo de consentimento informado para coloca\u00e7\u00e3o de dispositivo intrauterino de cobre (DIU)<\/a><a href=\"https:\/\/jundiai.sp.gov.br\/saude\/wp-content\/uploads\/sites\/17\/2024\/06\/termo-de-consentimento-dispositivo-intrauterino-de-cobre.pdf\" class=\"wp-block-file__button wp-element-button\" download aria-describedby=\"wp-block-file--media-aa27f980-377f-4eba-bd1e-3857569ae2f3\">Baixar<\/a><\/div>\n\n\n\n<div class=\"wp-block-file\"><a id=\"wp-block-file--media-0db85582-5376-4e60-b7cc-0d4a6817f0ac\" href=\"https:\/\/jundiai.sp.gov.br\/saude\/wp-content\/uploads\/sites\/17\/2024\/06\/termo-recusa-sifilis-em-gestantes.pdf\" target=\"_blank\" rel=\"noreferrer noopener\">Termo de Recusa ao tratamento de S\u00edfilis em Gestantes<\/a><a href=\"https:\/\/jundiai.sp.gov.br\/saude\/wp-content\/uploads\/sites\/17\/2024\/06\/termo-recusa-sifilis-em-gestantes.pdf\" class=\"wp-block-file__button wp-element-button\" download aria-describedby=\"wp-block-file--media-0db85582-5376-4e60-b7cc-0d4a6817f0ac\">Baixar<\/a><\/div>\n\n\n\n<div class=\"wp-block-file\"><a id=\"wp-block-file--media-b7cf42f2-bc65-4198-8e58-9941f847cae4\" href=\"https:\/\/jundiai.sp.gov.br\/saude\/wp-content\/uploads\/sites\/17\/2024\/06\/termo-recusa-sifilis-em-gestantes-_-parceiro.pdf\" target=\"_blank\" rel=\"noreferrer noopener\">Termo de Recusa ao tratamento de S\u00edfilis em Gestantes &#8211; Parceiro<\/a><a href=\"https:\/\/jundiai.sp.gov.br\/saude\/wp-content\/uploads\/sites\/17\/2024\/06\/termo-recusa-sifilis-em-gestantes-_-parceiro.pdf\" class=\"wp-block-file__button wp-element-button\" download aria-describedby=\"wp-block-file--media-b7cf42f2-bc65-4198-8e58-9941f847cae4\">Baixar<\/a><\/div>\n\n\n\n<div class=\"wp-block-file\"><a id=\"wp-block-file--media-1805eaf7-7d74-49e4-8351-2340bc69cd67\" href=\"https:\/\/jundiai.sp.gov.br\/saude\/wp-content\/uploads\/sites\/17\/2024\/06\/termo-responsabilidade-sifilis-em-gestantes.pdf\" target=\"_blank\" rel=\"noreferrer noopener\">Termo de Responsabilidade para o tratamento de S\u00edfilis em Gestantes<\/a><a href=\"https:\/\/jundiai.sp.gov.br\/saude\/wp-content\/uploads\/sites\/17\/2024\/06\/termo-responsabilidade-sifilis-em-gestantes.pdf\" class=\"wp-block-file__button wp-element-button\" download aria-describedby=\"wp-block-file--media-1805eaf7-7d74-49e4-8351-2340bc69cd67\">Baixar<\/a><\/div>\n\n\n\n<div class=\"wp-block-file\"><a id=\"wp-block-file--media-49d58231-fc49-4a9c-a0ba-cd986c64159a\" href=\"https:\/\/jundiai.sp.gov.br\/saude\/wp-content\/uploads\/sites\/17\/2024\/11\/formulario-de-encaminhamento-unicamp-_2_-_2_.pdf\" target=\"_blank\" rel=\"noreferrer noopener\">Formul\u00e1rio de encaminhamento UNICAMP\/CAISM<\/a><a href=\"https:\/\/jundiai.sp.gov.br\/saude\/wp-content\/uploads\/sites\/17\/2024\/11\/formulario-de-encaminhamento-unicamp-_2_-_2_.pdf\" class=\"wp-block-file__button wp-element-button\" download aria-describedby=\"wp-block-file--media-49d58231-fc49-4a9c-a0ba-cd986c64159a\">Baixar<\/a><\/div>\n","protected":false},"excerpt":{"rendered":"","protected":false},"author":8,"featured_media":0,"parent":4843,"menu_order":0,"comment_status":"closed","ping_status":"closed","template":"","meta":{"footnotes":""},"class_list":["post-5525","page","type-page","status-publish","hentry"],"_links":{"self":[{"href":"https:\/\/jundiai.sp.gov.br\/saude\/wp-json\/wp\/v2\/pages\/5525","targetHints":{"allow":["GET"]}}],"collection":[{"href":"https:\/\/jundiai.sp.gov.br\/saude\/wp-json\/wp\/v2\/pages"}],"about":[{"href":"https:\/\/jundiai.sp.gov.br\/saude\/wp-json\/wp\/v2\/types\/page"}],"author":[{"embeddable":true,"href":"https:\/\/jundiai.sp.gov.br\/saude\/wp-json\/wp\/v2\/users\/8"}],"replies":[{"embeddable":true,"href":"https:\/\/jundiai.sp.gov.br\/saude\/wp-json\/wp\/v2\/comments?post=5525"}],"version-history":[{"count":5,"href":"https:\/\/jundiai.sp.gov.br\/saude\/wp-json\/wp\/v2\/pages\/5525\/revisions"}],"predecessor-version":[{"id":6092,"href":"https:\/\/jundiai.sp.gov.br\/saude\/wp-json\/wp\/v2\/pages\/5525\/revisions\/6092"}],"up":[{"embeddable":true,"href":"https:\/\/jundiai.sp.gov.br\/saude\/wp-json\/wp\/v2\/pages\/4843"}],"wp:attachment":[{"href":"https:\/\/jundiai.sp.gov.br\/saude\/wp-json\/wp\/v2\/media?parent=5525"}],"curies":[{"name":"wp","href":"https:\/\/api.w.org\/{rel}","templated":true}]}}