{"id":5849,"date":"2024-09-10T14:01:47","date_gmt":"2024-09-10T17:01:47","guid":{"rendered":"https:\/\/jundiai.sp.gov.br\/saude\/?page_id=5849"},"modified":"2024-09-10T14:27:04","modified_gmt":"2024-09-10T17:27:04","slug":"protocolos-de-pre-natal","status":"publish","type":"page","link":"https:\/\/jundiai.sp.gov.br\/saude\/protocolos\/enfermagem-2\/protocolos-de-pre-natal\/","title":{"rendered":"PROTOCOLOS DE PR\u00c9-NATAL"},"content":{"rendered":"\n<div class=\"wp-block-file\"><a id=\"wp-block-file--media-de13f3f6-81b9-46d9-b591-b107278edaa2\" href=\"https:\/\/jundiai.sp.gov.br\/saude\/wp-content\/uploads\/sites\/17\/2024\/09\/pr__natal-go-1.pdf\" target=\"_blank\" rel=\"noreferrer noopener\">Pr\u00e9-Natal: Diagn\u00f3stico de gesta\u00e7\u00e3o, seguimento e estratifica\u00e7\u00e3o de risco<\/a><a href=\"https:\/\/jundiai.sp.gov.br\/saude\/wp-content\/uploads\/sites\/17\/2024\/09\/pr__natal-go-1.pdf\" class=\"wp-block-file__button wp-element-button\" download aria-describedby=\"wp-block-file--media-de13f3f6-81b9-46d9-b591-b107278edaa2\">Baixar<\/a><\/div>\n","protected":false},"excerpt":{"rendered":"","protected":false},"author":117,"featured_media":0,"parent":4810,"menu_order":0,"comment_status":"closed","ping_status":"closed","template":"","meta":{"footnotes":""},"class_list":["post-5849","page","type-page","status-publish","hentry"],"_links":{"self":[{"href":"https:\/\/jundiai.sp.gov.br\/saude\/wp-json\/wp\/v2\/pages\/5849","targetHints":{"allow":["GET"]}}],"collection":[{"href":"https:\/\/jundiai.sp.gov.br\/saude\/wp-json\/wp\/v2\/pages"}],"about":[{"href":"https:\/\/jundiai.sp.gov.br\/saude\/wp-json\/wp\/v2\/types\/page"}],"author":[{"embeddable":true,"href":"https:\/\/jundiai.sp.gov.br\/saude\/wp-json\/wp\/v2\/users\/117"}],"replies":[{"embeddable":true,"href":"https:\/\/jundiai.sp.gov.br\/saude\/wp-json\/wp\/v2\/comments?post=5849"}],"version-history":[{"count":1,"href":"https:\/\/jundiai.sp.gov.br\/saude\/wp-json\/wp\/v2\/pages\/5849\/revisions"}],"predecessor-version":[{"id":5851,"href":"https:\/\/jundiai.sp.gov.br\/saude\/wp-json\/wp\/v2\/pages\/5849\/revisions\/5851"}],"up":[{"embeddable":true,"href":"https:\/\/jundiai.sp.gov.br\/saude\/wp-json\/wp\/v2\/pages\/4810"}],"wp:attachment":[{"href":"https:\/\/jundiai.sp.gov.br\/saude\/wp-json\/wp\/v2\/media?parent=5849"}],"curies":[{"name":"wp","href":"https:\/\/api.w.org\/{rel}","templated":true}]}}