{"id":7028,"date":"2026-05-06T10:23:23","date_gmt":"2026-05-06T13:23:23","guid":{"rendered":"https:\/\/jundiai.sp.gov.br\/saude\/?page_id=7028"},"modified":"2026-05-06T10:57:05","modified_gmt":"2026-05-06T13:57:05","slug":"quem-pode-solicitar","status":"publish","type":"page","link":"https:\/\/jundiai.sp.gov.br\/saude\/certificado-internacional-de-vacinacao-contra-febre-amarela-civp\/quem-pode-solicitar\/","title":{"rendered":"Quem pode solicitar"},"content":{"rendered":"\n<p>Quem j\u00e1 recebeu a vacina contra febre amarela.&nbsp;<\/p>\n\n\n\n<p>O esquema vacinal \u00e9 considerado v\u00e1lido quando:\u00a0<br>&#8211; Foram aplicadas duas doses antes dos 5 anos de idade, OU\u00a0<br>&#8211; Foi aplicada uma dose \u00fanica a partir dos 5 anos.\u00a0<\/p>\n\n\n\n<div class=\"wp-block-columns is-layout-flex wp-container-core-columns-is-layout-9d6595d7 wp-block-columns-is-layout-flex\">\n<div class=\"wp-block-column is-layout-flow wp-block-column-is-layout-flow\" style=\"flex-basis:100px\">\n<p><a href=\"https:\/\/jundiai.sp.gov.br\/saude\/certificado-internacional-de-vacinacao-contra-febre-amarela-civp\/\" data-type=\"link\" data-id=\"https:\/\/jundiai.sp.gov.br\/saude\/certificado-internacional-de-vacinacao-contra-febre-amarela-civp\/\">&lt; voltar<\/a><\/p>\n<\/div>\n\n\n\n<div class=\"wp-block-column is-layout-flow wp-block-column-is-layout-flow\" style=\"flex-basis:100%\"><\/div>\n<\/div>\n","protected":false},"excerpt":{"rendered":"<p>Quem j\u00e1 recebeu a vacina contra febre amarela.&nbsp; O esquema vacinal \u00e9 considerado v\u00e1lido quando:\u00a0&#8211; Foram aplicadas duas doses antes dos 5 anos de idade, OU\u00a0&#8211; Foi aplicada uma dose \u00fanica a partir dos 5 anos.\u00a0 &lt; voltar<\/p>\n","protected":false},"author":117,"featured_media":0,"parent":7015,"menu_order":0,"comment_status":"closed","ping_status":"closed","template":"","meta":{"footnotes":""},"class_list":["post-7028","page","type-page","status-publish","hentry"],"_links":{"self":[{"href":"https:\/\/jundiai.sp.gov.br\/saude\/wp-json\/wp\/v2\/pages\/7028","targetHints":{"allow":["GET"]}}],"collection":[{"href":"https:\/\/jundiai.sp.gov.br\/saude\/wp-json\/wp\/v2\/pages"}],"about":[{"href":"https:\/\/jundiai.sp.gov.br\/saude\/wp-json\/wp\/v2\/types\/page"}],"author":[{"embeddable":true,"href":"https:\/\/jundiai.sp.gov.br\/saude\/wp-json\/wp\/v2\/users\/117"}],"replies":[{"embeddable":true,"href":"https:\/\/jundiai.sp.gov.br\/saude\/wp-json\/wp\/v2\/comments?post=7028"}],"version-history":[{"count":3,"href":"https:\/\/jundiai.sp.gov.br\/saude\/wp-json\/wp\/v2\/pages\/7028\/revisions"}],"predecessor-version":[{"id":7052,"href":"https:\/\/jundiai.sp.gov.br\/saude\/wp-json\/wp\/v2\/pages\/7028\/revisions\/7052"}],"up":[{"embeddable":true,"href":"https:\/\/jundiai.sp.gov.br\/saude\/wp-json\/wp\/v2\/pages\/7015"}],"wp:attachment":[{"href":"https:\/\/jundiai.sp.gov.br\/saude\/wp-json\/wp\/v2\/media?parent=7028"}],"curies":[{"name":"wp","href":"https:\/\/api.w.org\/{rel}","templated":true}]}}