{"id":737,"date":"2014-09-16T15:18:16","date_gmt":"2014-09-16T18:18:16","guid":{"rendered":"https:\/\/jundiai.sp.gov.br\/saude\/?page_id=737"},"modified":"2025-06-10T09:20:42","modified_gmt":"2025-06-10T12:20:42","slug":"vigilancia-epidemiologica","status":"publish","type":"page","link":"https:\/\/jundiai.sp.gov.br\/saude\/vigilancia-epidemiologica\/","title":{"rendered":"Vigil\u00e2ncia Epidemiol\u00f3gica"},"content":{"rendered":"\n<h2 class=\"wp-block-heading\">Miss\u00e3o<\/h2>\n\n\n\n<p>&#8220;A Vigil\u00e2ncia Epidemiol\u00f3gica \u00e9 um conjunto de a\u00e7\u00f5es que proporciona o conhecimento, a detec\u00e7\u00e3o ou preven\u00e7\u00e3o de qualquer mudan\u00e7a nos fatores determinantes e condicionantes de sa\u00fade individual ou coletiva, com a finalidade de recomendar e adotar medidas de preven\u00e7\u00e3o de doen\u00e7as ou agravos&#8221; (Lei Federal n\u00ba 8080\/90)<\/p>\n\n\n\n<h2 class=\"wp-block-heading\">Contato<\/h2>\n\n\n\n<p><strong>Vigil\u00e2ncia Epidemiol\u00f3gica<\/strong><br>Endere\u00e7o: Rua Marechal Deodoro da Fonseca, 964, Centro<br>Telefones: (11) 4589-6678 \/ 6906<br>E-mail: <a href=\"mailto:vigiepid@jundiai.sp.gov.br\" target=\"_blank\" rel=\"noopener noreferrer\"><strong>vigiepid@jundiai.sp.gov.br<\/strong><\/a><br>\u00d3rg\u00e3o: 1220<br>Hor\u00e1rio de funcionamento e de atendimento ao p\u00fablico: das 8h \u00e0s 17h<\/p>\n","protected":false},"excerpt":{"rendered":"<p>Miss\u00e3o &#8220;A Vigil\u00e2ncia Epidemiol\u00f3gica \u00e9 um conjunto de a\u00e7\u00f5es que proporciona o conhecimento, a detec\u00e7\u00e3o ou preven\u00e7\u00e3o de qualquer mudan\u00e7a nos fatores determinantes e condicionantes de sa\u00fade individual ou coletiva, com a finalidade de recomendar e adotar medidas de preven\u00e7\u00e3o de doen\u00e7as ou agravos&#8221; (Lei Federal n\u00ba 8080\/90) Contato Vigil\u00e2ncia Epidemiol\u00f3gicaEndere\u00e7o: Rua Marechal Deodoro da [&hellip;]<\/p>\n","protected":false},"author":14,"featured_media":0,"parent":0,"menu_order":0,"comment_status":"closed","ping_status":"closed","template":"page-subpaginas.php","meta":{"footnotes":""},"class_list":["post-737","page","type-page","status-publish","hentry"],"_links":{"self":[{"href":"https:\/\/jundiai.sp.gov.br\/saude\/wp-json\/wp\/v2\/pages\/737","targetHints":{"allow":["GET"]}}],"collection":[{"href":"https:\/\/jundiai.sp.gov.br\/saude\/wp-json\/wp\/v2\/pages"}],"about":[{"href":"https:\/\/jundiai.sp.gov.br\/saude\/wp-json\/wp\/v2\/types\/page"}],"author":[{"embeddable":true,"href":"https:\/\/jundiai.sp.gov.br\/saude\/wp-json\/wp\/v2\/users\/14"}],"replies":[{"embeddable":true,"href":"https:\/\/jundiai.sp.gov.br\/saude\/wp-json\/wp\/v2\/comments?post=737"}],"version-history":[{"count":11,"href":"https:\/\/jundiai.sp.gov.br\/saude\/wp-json\/wp\/v2\/pages\/737\/revisions"}],"predecessor-version":[{"id":6450,"href":"https:\/\/jundiai.sp.gov.br\/saude\/wp-json\/wp\/v2\/pages\/737\/revisions\/6450"}],"wp:attachment":[{"href":"https:\/\/jundiai.sp.gov.br\/saude\/wp-json\/wp\/v2\/media?parent=737"}],"curies":[{"name":"wp","href":"https:\/\/api.w.org\/{rel}","templated":true}]}}