{"id":747,"date":"2014-09-16T15:36:26","date_gmt":"2014-09-16T18:36:26","guid":{"rendered":"https:\/\/jundiai.sp.gov.br\/saude\/?page_id=747"},"modified":"2026-03-30T14:00:31","modified_gmt":"2026-03-30T17:00:31","slug":"formularios","status":"publish","type":"page","link":"https:\/\/jundiai.sp.gov.br\/saude\/vigilancia-epidemiologica\/formularios\/","title":{"rendered":"Formul\u00e1rios"},"content":{"rendered":"\n<h2 class=\"wp-block-heading\"><b><strong>Fichas de notifica\u00e7\u00e3o:<\/strong><\/b><\/h2>\n\n\n\n<ul class=\"wp-block-list\">\n<li><a href=\"https:\/\/jundiai.sp.gov.br\/saude\/wp-content\/uploads\/sites\/17\/2024\/01\/acidentes-por-animais-peconhentos.pdf\">Acidentes por animais pe\u00e7onhentos;<\/a><\/li>\n\n\n\n<li><a href=\"https:\/\/jundiai.sp.gov.br\/saude\/wp-content\/uploads\/sites\/17\/2024\/01\/aids-pacientes-a-partir-de-13-anos.pdf\">AIDS &#8211; Pacientes com 13 anos ou acima;<\/a><\/li>\n\n\n\n<li><a href=\"https:\/\/jundiai.sp.gov.br\/saude\/wp-content\/uploads\/sites\/17\/2024\/01\/aids-pacientes-menores-de-13-anos.pdf\">AIDS &#8211; Pacientes menores de 13 anos;<\/a><\/li>\n\n\n\n<li><a href=\"https:\/\/jundiai.sp.gov.br\/saude\/wp-content\/uploads\/sites\/17\/2024\/01\/atendimento-antirrabico-humano.pdf\">Atendimento Anti-r\u00e1bico Humano;<\/a><\/li>\n\n\n\n<li><a href=\"https:\/\/jundiai.sp.gov.br\/saude\/wp-content\/uploads\/sites\/17\/2024\/01\/botulismo.pdf\">Botulismo;<\/a><\/li>\n\n\n\n<li><a href=\"https:\/\/jundiai.sp.gov.br\/saude\/wp-content\/uploads\/sites\/17\/2024\/01\/chikungunya.pdf\">Chikungunya;<\/a><\/li>\n\n\n\n<li><a href=\"https:\/\/jundiai.sp.gov.br\/saude\/wp-content\/uploads\/sites\/17\/2024\/01\/colera.pdf\">C\u00f3lera;<\/a><\/li>\n\n\n\n<li><a href=\"https:\/\/jundiai.sp.gov.br\/saude\/wp-content\/uploads\/sites\/17\/2024\/01\/coqueluche.pdf\">Coqueluche;<\/a><\/li>\n\n\n\n<li><a href=\"https:\/\/jundiai.sp.gov.br\/saude\/wp-content\/uploads\/sites\/17\/2024\/01\/dengue.pdf\">Dengue;<\/a><\/li>\n\n\n\n<li><a href=\"https:\/\/jundiai.sp.gov.br\/saude\/wp-content\/uploads\/sites\/17\/2024\/01\/difteria.pdf\">Difteria;<\/a><\/li>\n\n\n\n<li><a href=\"https:\/\/jundiai.sp.gov.br\/saude\/wp-content\/uploads\/sites\/17\/2024\/01\/doenca-de-chagas-aguda.pdf\">Doen\u00e7a de Chagas Aguda;<\/a><\/li>\n\n\n\n<li><a href=\"https:\/\/jundiai.sp.gov.br\/saude\/wp-content\/uploads\/sites\/17\/2025\/12\/doenca-de-chagas-cronica.pdf\">Doen\u00e7a de Chagas Cr\u00f4nica;<\/a><\/li>\n\n\n\n<li><a href=\"https:\/\/jundiai.sp.gov.br\/saude\/wp-content\/uploads\/sites\/17\/2024\/01\/doenca-de-transmissao-respiratoria-surto.pdf\">Doen\u00e7a De Transmiss\u00e3o Respirat\u00f3ria (surto);<\/a><\/li>\n\n\n\n<li><a href=\"https:\/\/jundiai.sp.gov.br\/saude\/wp-content\/uploads\/sites\/17\/2024\/01\/doencas-exantematicas.pdf\">Doen\u00e7as Exantem\u00e1ticas;<\/a><\/li>\n\n\n\n<li><a href=\"https:\/\/jundiai.sp.gov.br\/saude\/wp-content\/uploads\/sites\/17\/2025\/08\/esporotricose.pdf\">Esporotricose<\/a><\/li>\n\n\n\n<li><a href=\"https:\/\/jundiai.sp.gov.br\/saude\/wp-content\/uploads\/sites\/17\/2024\/01\/esquistossomose.pdf\">Esquistossomose;<\/a><\/li>\n\n\n\n<li><a href=\"https:\/\/jundiai.sp.gov.br\/saude\/wp-content\/uploads\/sites\/17\/2024\/01\/febre-amarela.pdf\">Febre Amarela;<\/a><\/li>\n\n\n\n<li><a href=\"https:\/\/jundiai.sp.gov.br\/saude\/wp-content\/uploads\/sites\/17\/2024\/01\/febre-maculosa-rickettsioses.pdf\">Febre Maculosa \/ Rickettsioses;<\/a><\/li>\n\n\n\n<li><a href=\"https:\/\/jundiai.sp.gov.br\/saude\/wp-content\/uploads\/sites\/17\/2025\/08\/febre-oropouche.pdf\">Febre Oropouche<\/a><\/li>\n\n\n\n<li><a href=\"https:\/\/jundiai.sp.gov.br\/saude\/wp-content\/uploads\/sites\/17\/2024\/01\/febre-pelo-virus-zika.pdf\">Febre Pelo V\u00edrus Zika;<\/a><\/li>\n\n\n\n<li><a href=\"https:\/\/jundiai.sp.gov.br\/saude\/wp-content\/uploads\/sites\/17\/2024\/01\/febre-tifoide.pdf\">Febre Tifoide;<\/a><\/li>\n\n\n\n<li><a href=\"https:\/\/jundiai.sp.gov.br\/saude\/wp-content\/uploads\/sites\/17\/2024\/01\/gestante-hiv.pdf\">Gestante HIV;<\/a><\/li>\n\n\n\n<li><a href=\"https:\/\/jundiai.sp.gov.br\/saude\/wp-content\/uploads\/sites\/17\/2024\/01\/hanseniase.pdf\">Hansen\u00edase;<\/a><\/li>\n\n\n\n<li><a href=\"https:\/\/jundiai.sp.gov.br\/saude\/wp-content\/uploads\/sites\/17\/2024\/01\/hantavirose.pdf\">Hantavirose;<\/a><\/li>\n\n\n\n<li><a href=\"https:\/\/jundiai.sp.gov.br\/saude\/wp-content\/uploads\/sites\/17\/2024\/01\/hepatites-virais.pdf\">Hepatites Virais;<\/a><\/li>\n\n\n\n<li><a href=\"https:\/\/jundiai.sp.gov.br\/saude\/wp-content\/uploads\/sites\/17\/2024\/01\/infeccao-sexualmente-transmissivel.pdf\">Infec\u00e7\u00e3o Sexualmente Transmiss\u00edvel;<\/a><\/li>\n\n\n\n<li><a href=\"https:\/\/jundiai.sp.gov.br\/saude\/wp-content\/uploads\/sites\/17\/2024\/01\/intoxicacao-exogena.pdf\">Intoxica\u00e7\u00e3o Ex\u00f3gena;<\/a><\/li>\n\n\n\n<li><a href=\"https:\/\/jundiai.sp.gov.br\/saude\/wp-content\/uploads\/sites\/17\/2024\/01\/investigacao-de-surto-de-doenca-de-transmissao-alimentar-_-dta.pdf\">Investiga\u00e7\u00e3o de Surto de Doen\u00e7a de Transmiss\u00e3o Alimentar &#8211; DTA;<\/a><\/li>\n\n\n\n<li><a href=\"https:\/\/jundiai.sp.gov.br\/saude\/wp-content\/uploads\/sites\/17\/2024\/01\/investigacao-de-surto.pdf\">Investiga\u00e7\u00e3o de Surto;<\/a><\/li>\n\n\n\n<li><a href=\"https:\/\/jundiai.sp.gov.br\/saude\/wp-content\/uploads\/sites\/17\/2024\/01\/leishmaniose-tegumentar-americana.pdf\">Leishmaniose tegumentar Americana;<\/a><\/li>\n\n\n\n<li><a href=\"https:\/\/jundiai.sp.gov.br\/saude\/wp-content\/uploads\/sites\/17\/2024\/01\/leishmaniose-visceral.pdf\">Leishmaniose Visceral;<\/a><\/li>\n\n\n\n<li><a href=\"https:\/\/jundiai.sp.gov.br\/saude\/wp-content\/uploads\/sites\/17\/2024\/01\/leptospirose.pdf\">Leptospirose;<\/a><\/li>\n\n\n\n<li><a href=\"https:\/\/jundiai.sp.gov.br\/saude\/wp-content\/uploads\/sites\/17\/2024\/01\/malaria.pdf\">Mal\u00e1ria<\/a><\/li>\n\n\n\n<li><a href=\"https:\/\/jundiai.sp.gov.br\/saude\/wp-content\/uploads\/sites\/17\/2024\/01\/meningite-1.pdf\">Meningite (Doen\u00e7a Meningoc\u00f3ccica \/ outras meningites);<\/a><\/li>\n\n\n\n<li><a href=\"https:\/\/jundiai.sp.gov.br\/saude\/wp-content\/uploads\/sites\/17\/2025\/11\/paracococcidioimicose.pdf\">Paracoccidioidomicose<\/a><\/li>\n\n\n\n<li><a href=\"https:\/\/jundiai.sp.gov.br\/saude\/wp-content\/uploads\/sites\/17\/2024\/01\/paralisia-flacida-aguda-poliomielite.pdf\">Paralisia Fl\u00e1cida Aguda \/ Poliomielite;<\/a><\/li>\n\n\n\n<li><a href=\"https:\/\/jundiai.sp.gov.br\/saude\/wp-content\/uploads\/sites\/17\/2024\/01\/parotidite.pdf\">Parotidite;<\/a><\/li>\n\n\n\n<li><a href=\"https:\/\/jundiai.sp.gov.br\/saude\/wp-content\/uploads\/sites\/17\/2024\/01\/rubeola.pdf\">Rub\u00e9ola;<\/a><\/li>\n\n\n\n<li><a href=\"https:\/\/jundiai.sp.gov.br\/saude\/wp-content\/uploads\/sites\/17\/2024\/01\/sarampo.pdf\">Sarampo;<\/a><\/li>\n\n\n\n<li><a href=\"https:\/\/jundiai.sp.gov.br\/saude\/wp-content\/uploads\/sites\/17\/2024\/01\/sifilis-adquirida.pdf\">S\u00edfilis Adquirida;<\/a><\/li>\n\n\n\n<li><a href=\"https:\/\/jundiai.sp.gov.br\/saude\/wp-content\/uploads\/sites\/17\/2024\/01\/sifilis-congenita.pdf\">S\u00edfilis Cong\u00eanita;<\/a><\/li>\n\n\n\n<li><a href=\"https:\/\/jundiai.sp.gov.br\/saude\/wp-content\/uploads\/sites\/17\/2024\/01\/sifilis-em-gestante.pdf\">S\u00edfilis em Gestante;<\/a><\/li>\n\n\n\n<li><a href=\"https:\/\/jundiai.sp.gov.br\/saude\/wp-content\/uploads\/sites\/17\/2024\/01\/sindrome-da-rubeola-congenita.pdf\">S\u00edndrome da Rub\u00e9ola Cong\u00eanita;<\/a><\/li>\n\n\n\n<li><a href=\"https:\/\/jundiai.sp.gov.br\/saude\/wp-content\/uploads\/sites\/17\/2024\/01\/sindrome-gripal-e-sus.pdf\">S\u00edndrome Gripal (e-SUS);<\/a><\/li>\n\n\n\n<li><a href=\"https:\/\/jundiai.sp.gov.br\/saude\/wp-content\/uploads\/sites\/17\/2024\/01\/sindrome-hemolitico-uremica.pdf\">S\u00edndrome Hemol\u00edtico-Ur\u00eamica;<\/a><\/li>\n\n\n\n<li><a href=\"https:\/\/jundiai.sp.gov.br\/saude\/wp-content\/uploads\/sites\/17\/2024\/01\/sindrome-mao-pe-boca-surto.pdf\">S\u00edndrome M\u00e3o P\u00e9 Boca (surto);<\/a><\/li>\n\n\n\n<li><a href=\"https:\/\/jundiai.sp.gov.br\/saude\/wp-content\/uploads\/sites\/17\/2024\/01\/sindrome-respiratoria-aguda-grave.pdf\">S\u00edndrome respirat\u00f3ria aguda grave;<\/a><\/li>\n\n\n\n<li><a href=\"https:\/\/jundiai.sp.gov.br\/saude\/wp-content\/uploads\/sites\/17\/2024\/01\/tetano-acidental.pdf\">T\u00e9tano Acidental;<\/a><\/li>\n\n\n\n<li><a href=\"https:\/\/jundiai.sp.gov.br\/saude\/wp-content\/uploads\/sites\/17\/2024\/01\/tetano-neonatal.pdf\">T\u00e9tano Neonatal;<\/a><\/li>\n\n\n\n<li><a href=\"https:\/\/jundiai.sp.gov.br\/saude\/wp-content\/uploads\/sites\/17\/2024\/01\/toxoplasmose-gestacional.pdf\">Toxoplasmose Gestacional;<\/a><\/li>\n\n\n\n<li><a href=\"https:\/\/jundiai.sp.gov.br\/saude\/wp-content\/uploads\/sites\/17\/2024\/01\/varicela.pdf\">Varicela;<\/a><\/li>\n\n\n\n<li><a href=\"https:\/\/jundiai.sp.gov.br\/saude\/wp-content\/uploads\/sites\/17\/2024\/01\/violencia-interpessoal-ou-autoprovocada.pdf\">Viol\u00eancia interpessoal ou autoprovocada.<\/a><\/li>\n\n\n\n<li><a href=\"https:\/\/jundiai.sp.gov.br\/saude\/wp-content\/uploads\/sites\/17\/2024\/04\/notificacao-de-doenca-ou-agravo-sem-ficha-especifica.pdf\">Notifica\u00e7\u00e3o de Doen\u00e7a ou Agravo sem Ficha Espec\u00edfica<\/a><\/li>\n<\/ul>\n\n\n\n<h2 class=\"wp-block-heading\"><strong><strong>Impressos do Programa de Tuberculose<\/strong><\/strong><\/h2>\n\n\n\n<ul class=\"wp-block-list\">\n<li><a href=\"https:\/\/jundiai.sp.gov.br\/saude\/wp-content\/uploads\/sites\/17\/2024\/01\/controle-de-comunicantes.pdf\">Controle de Comunicantes;<\/a><\/li>\n\n\n\n<li><a href=\"https:\/\/jundiai.sp.gov.br\/saude\/wp-content\/uploads\/sites\/17\/2024\/01\/controle-de-tratamento-diario-supervisionado.pdf\">Controle de Tratamento di\u00e1rio Supervisionado;<\/a><\/li>\n\n\n\n<li><a href=\"https:\/\/jundiai.sp.gov.br\/saude\/wp-content\/uploads\/sites\/17\/2024\/01\/infeccao-latente-da-tuberculose-iltb.pdf\">Infec\u00e7\u00e3o Latente da Tuberculose &#8211; ILTB;<\/a><\/li>\n\n\n\n<li><a href=\"https:\/\/jundiai.sp.gov.br\/saude\/wp-content\/uploads\/sites\/17\/2024\/01\/prova-tuberculinica-ppd.pdf\">Prova Tubercul\u00ednica (PPD);<\/a><\/li>\n\n\n\n<li><a href=\"https:\/\/jundiai.sp.gov.br\/saude\/wp-content\/uploads\/sites\/17\/2024\/01\/registro-de-sintomatico-respiratorio.pdf\">Registro de Sintom\u00e1tico Respirat\u00f3rio;<\/a><\/li>\n\n\n\n<li><a href=\"https:\/\/jundiai.sp.gov.br\/saude\/wp-content\/uploads\/sites\/17\/2024\/01\/solicitacao-de-baciloscopia.pdf\">Solicita\u00e7\u00e3o de Baciloscopia;<\/a><\/li>\n\n\n\n<li><a href=\"https:\/\/jundiai.sp.gov.br\/saude\/wp-content\/uploads\/sites\/17\/2024\/01\/tuberculose-ativa.pdf\">Tuberculose Ativa.<\/a><\/li>\n<\/ul>\n\n\n\n<h2 class=\"wp-block-heading\"><strong>Impressos do Programa de Imuniza\u00e7\u00e3o<\/strong><\/h2>\n\n\n\n<ul class=\"wp-block-list\">\n<li><a href=\"https:\/\/jundiai.sp.gov.br\/saude\/wp-content\/uploads\/sites\/17\/2026\/03\/formulario-de-solicitacao-de-nirsevimabe_ref_-comunicado-tecnico_7_2026.pdf\" target=\"_blank\" rel=\"noreferrer noopener\">Formul\u00e1rio de Solicita\u00e7\u00e3o de Imunobiol\u00f3gicos Especiais NIRSEVIMABE<\/a><\/li>\n\n\n\n<li><a href=\"https:\/\/jundiai.sp.gov.br\/saude\/wp-content\/uploads\/sites\/17\/2024\/01\/atestado-medico-de-contraindicacao-ou-isencao-de-vacinacao-anvisa.pdf\">Atestado M\u00e9dico de Contraindica\u00e7\u00e3o ou Isen\u00e7\u00e3o de Vacina\u00e7\u00e3o &#8211; Anvisa;<\/a><\/li>\n\n\n\n<li><a href=\"https:\/\/jundiai.sp.gov.br\/saude\/wp-content\/uploads\/sites\/17\/2025\/08\/declara__o_de_situa__o_vacinal_julho_2025_com_orienta__o.pdf\" target=\"_blank\" rel=\"noreferrer noopener\">Declara\u00e7\u00e3o de Situa\u00e7\u00e3o Vacinal;<\/a><\/li>\n\n\n\n<li><a href=\"https:\/\/jundiai.sp.gov.br\/saude\/wp-content\/uploads\/sites\/17\/2024\/01\/convocacao-de-faltosos.pdf\">Convoca\u00e7\u00e3o de Faltosos;<\/a><\/li>\n\n\n\n<li><a href=\"https:\/\/jundiai.sp.gov.br\/saude\/wp-content\/uploads\/sites\/17\/2025\/07\/encam_-para-vacina__o-em-ambiente-hospitalar.pdf\" target=\"_blank\" rel=\"noreferrer noopener\">Encaminhamento para Vacina\u00e7\u00e3o em Ambiente Hospitalar;<\/a><\/li>\n\n\n\n<li><a href=\"https:\/\/jundiai.sp.gov.br\/saude\/wp-content\/uploads\/sites\/17\/2024\/01\/ficha-de-controle-de-temperatura.pdf\">Ficha de Controle de Temperatura;<\/a><\/li>\n\n\n\n<li><a href=\"https:\/\/jundiai.sp.gov.br\/saude\/wp-content\/uploads\/sites\/17\/2024\/01\/investigacao-de-eventos-adversos-pos-vacinacao.pdf\">Investiga\u00e7\u00e3o de Eventos Adversos P\u00f3s-Vacina\u00e7\u00e3o; <\/a><\/li>\n\n\n\n<li><a href=\"https:\/\/jundiai.sp.gov.br\/saude\/wp-content\/uploads\/sites\/17\/2024\/01\/movimento-diario-de-imunobiologicos-contagem-de-frascos.pdf\">Movimento di\u00e1rio de Imunobiol\u00f3gicos &#8211; Contagem de Frascos;<\/a><\/li>\n\n\n\n<li><a href=\"https:\/\/jundiai.sp.gov.br\/saude\/wp-content\/uploads\/sites\/17\/2024\/01\/notificacao-de-alteracao-de-temperatura.pdf\">Notifica\u00e7\u00e3o de Altera\u00e7\u00e3o de Temperatura;<\/a><\/li>\n\n\n\n<li><a href=\"https:\/\/jundiai.sp.gov.br\/saude\/wp-content\/uploads\/sites\/17\/2024\/01\/solicitacao-de-imunobiologicos-especiais-ao-crie.pdf\">Solicita\u00e7\u00e3o de Imunobiol\u00f3gicos Especiais ao CRIE.<\/a><\/li>\n<\/ul>\n\n\n\n<h2 class=\"wp-block-heading\"><strong>Outros impressos<\/strong><\/h2>\n\n\n\n<ul class=\"wp-block-list\">\n<li><a href=\"https:\/\/jundiai.sp.gov.br\/saude\/wp-content\/uploads\/sites\/17\/2024\/01\/conjuntivite-e-diarreia-ubs.pdf\">Conjuntivite e Diarreia &#8211; UBS;<\/a><\/li>\n\n\n\n<li><a href=\"https:\/\/jundiai.sp.gov.br\/saude\/wp-content\/uploads\/sites\/17\/2026\/03\/encaminhamento-para-dessensibilizacao-de-gestantes-com-alergia-a-penicilina.pdf\">Encaminhamento para dessensibiliza\u00e7\u00e3o de gestantes com alergia a penicilina<\/a><\/li>\n\n\n\n<li><a href=\"https:\/\/jundiai.sp.gov.br\/saude\/wp-content\/uploads\/sites\/17\/2024\/01\/ficha-de-solicitacao-de-exames-instituto-adolfo-lutz.pdf\">Ficha de Solicita\u00e7\u00e3o de Exames &#8211; Instituto Adolfo Lutz;<\/a><\/li>\n\n\n\n<li><a href=\"https:\/\/jundiai.sp.gov.br\/saude\/wp-content\/uploads\/sites\/17\/2024\/08\/ficha-de-solicitacao-de-exames-monkeypox.pdf\">Ficha de Solicita\u00e7\u00e3o de Exames &#8211; Monkeypox<\/a><\/li>\n\n\n\n<li><a href=\"https:\/\/jundiai.sp.gov.br\/saude\/wp-content\/uploads\/sites\/17\/2024\/01\/hanseniase-controle-de-comunicantes.pdf\">Hansen\u00edase &#8211; Controle de Comunicantes;<\/a><\/li>\n\n\n\n<li><a href=\"https:\/\/jundiai.sp.gov.br\/saude\/wp-content\/uploads\/sites\/17\/2024\/01\/instrutivo-para-notificacao-de-violencia.pdf\">Instrutivo para Notifica\u00e7\u00e3o de Viol\u00eancia<\/a> <\/li>\n\n\n\n<li><a href=\"https:\/\/jundiai.sp.gov.br\/saude\/wp-content\/uploads\/sites\/17\/2024\/01\/planilha-de-casos-de-conjuntivite-policlinicas-e-pas.pdf\">Planilha de Casos de Conjuntivite &#8211; Policl\u00ednicas e PAs;<\/a><\/li>\n\n\n\n<li><a href=\"https:\/\/jundiai.sp.gov.br\/saude\/wp-content\/uploads\/sites\/17\/2024\/01\/planilha-de-casos-de-diarreia-policlinicas-e-pas.pdf\">Planilha de Casos de Diarreia &#8211; Policl\u00ednicas e PAs.<\/a><\/li>\n<\/ul>\n\n\n\n<h2 class=\"wp-block-heading\">Impressos diversos referentes a \u00f3bitos e nascidos vivos<\/h2>\n\n\n\n<ul class=\"wp-block-list\">\n<li><a rel=\"noopener noreferrer\" href=\"https:\/\/jundiai.sp.gov.br\/saude\/wp-content\/uploads\/sites\/17\/2017\/03\/PORTARIA-344.pdf\" target=\"_blank\">Portaria n\u00ba 344, de 1\u00ba de fevereiro de 2017 &#8211; Disp\u00f5e sobre o preenchimento do quesito ra\u00e7a\/cor nos formul\u00e1rios dos sistemas de informa\u00e7\u00e3o em sa\u00fade<\/a>;<\/li>\n\n\n\n<li><a href=\"https:\/\/jundiai.sp.gov.br\/saude\/wp-content\/uploads\/sites\/17\/2014\/09\/ficha-estadual-de-investigacao-do-obito-materno.pdf\">Ficha Estadual de investiga\u00e7\u00e3o de \u00f3bito materno<\/a><\/li>\n\n\n\n<li><a href=\"https:\/\/jundiai.sp.gov.br\/saude\/wp-content\/uploads\/sites\/17\/2014\/09\/ficha-estadual-de-investigacao-do-obito-infantil-e-fetal.pdf\">Ficha Estadual de investiga\u00e7\u00e3o de \u00f3bito infantil e fetal<\/a><\/li>\n\n\n\n<li><a href=\"https:\/\/jundiai.sp.gov.br\/saude\/wp-content\/uploads\/sites\/17\/2014\/09\/Lei-Federal-n\u00ba-12662-sobre-declara\u00e7\u00e3o-de-nascidos-vivos.pdf\">Lei Federal n\u00ba 12.662 sobre declara\u00e7\u00e3o de nascidos vivos<\/a>;<\/li>\n\n\n\n<li><a rel=\"noopener noreferrer\" href=\"https:\/\/jundiai.sp.gov.br\/saude\/wp-content\/uploads\/sites\/17\/2014\/09\/Portaria-Coordenadoria-de-Controle-de-Doen\u00e7a-n\u00ba-31.pdf\" target=\"_blank\">Portaria Coordenadoria de Controle de Doen\u00e7a n\u00ba. 31<\/a>;<\/li>\n\n\n\n<li><a rel=\"noopener noreferrer\" href=\"https:\/\/jundiai.sp.gov.br\/saude\/wp-content\/uploads\/sites\/17\/2014\/09\/Manual-de-aperfei\u00e7oamento-no-diagn\u00f3stico-de-anomalias-cong\u00eanitas.pdf\" target=\"_blank\">Manual de aperfei\u00e7oamento no diagn\u00f3stico de anomalias cong\u00eanitas<\/a>;<\/li>\n\n\n\n<li><a rel=\"noopener noreferrer\" href=\"https:\/\/jundiai.sp.gov.br\/saude\/wp-content\/uploads\/sites\/17\/2014\/09\/A-declara\u00e7\u00e3o-de-\u00f3bito-documento-necess\u00e1rio-e-importante.pdf\" target=\"_blank\">A declara\u00e7\u00e3o de \u00f3bito &#8211; documento necess\u00e1rio e importante<\/a>;<\/li>\n\n\n\n<li><a rel=\"noopener noreferrer\" href=\"https:\/\/jundiai.sp.gov.br\/saude\/wp-content\/uploads\/sites\/17\/2014\/09\/Portaria-Coordenadoria-de-Controle-de-Doen\u00e7a-n\u00ba.-17.pdf\" target=\"_blank\">Portaria Coordenadoria de Controle de Doen\u00e7a n\u00ba. 17<\/a>;<\/li>\n\n\n\n<li><a href=\"https:\/\/jundiai.sp.gov.br\/saude\/wp-content\/uploads\/sites\/17\/2018\/10\/edital-211-1.pdf\">EDITAL 211;<\/a><\/li>\n\n\n\n<li><a rel=\"noopener noreferrer\" href=\"https:\/\/jundiai.sp.gov.br\/saude\/wp-content\/uploads\/sites\/17\/2014\/09\/Informe-T\u00e9cnico-DO-CREMESP.pdf\" target=\"_blank\">Informe T\u00e9cnico &#8211; Declara\u00e7\u00e3o de \u00d3bito Cremesp<\/a>;<\/li>\n\n\n\n<li><a href=\"https:\/\/jundiai.sp.gov.br\/saude\/wp-content\/uploads\/sites\/17\/2023\/03\/manual_de_preenchimento_dnv-ms-2022.pdf\" target=\"_blank\" rel=\"noreferrer noopener\">Manual de Instru\u00e7\u00f5es para o preenchimento da Declara\u00e7\u00e3o de Nascido Vivo;<\/a><\/li>\n\n\n\n<li><a href=\"https:\/\/jundiai.sp.gov.br\/saude\/wp-content\/uploads\/sites\/17\/2022\/08\/declaracao-de-obito-manual-de-instrucoes-para-preenchimento-28-06-2022.pdf\">Manual de Instru\u00e7\u00f5es para o Preenchimento da Declara\u00e7\u00e3o de \u00d3bito;<\/a><\/li>\n\n\n\n<li><a rel=\"noopener noreferrer\" href=\"https:\/\/jundiai.sp.gov.br\/saude\/wp-content\/uploads\/sites\/17\/2014\/09\/Portaria-n\u00ba-116-de-11-de-fevereiro-de-2009.pdf\" target=\"_blank\">Portaria n\u00ba. 116, de 11 de fevereiro de 2009<\/a>;<\/li>\n\n\n\n<li><a rel=\"noopener noreferrer\" href=\"https:\/\/jundiai.sp.gov.br\/saude\/wp-content\/uploads\/sites\/17\/2014\/09\/Crit\u00e9rios-pra-emiss\u00e3o-ou-n\u00e3o-de-declara\u00e7\u00e3o-de-\u00f3bito-fetal.pdf\" target=\"_blank\">Crit\u00e9rios para emiss\u00e3o do fetal<\/a>;<\/li>\n\n\n\n<li><a rel=\"noopener noreferrer\" href=\"https:\/\/jundiai.sp.gov.br\/saude\/wp-content\/uploads\/sites\/17\/2014\/09\/Orienta\u00e7\u00f5es-sobre-declara\u00e7\u00e3o-de-\u00f3bito.pdf\" target=\"_blank\">Orienta\u00e7\u00f5es sobre declara\u00e7\u00e3o de \u00f3bito;<\/a><\/li>\n\n\n\n<li><a href=\"https:\/\/jundiai.sp.gov.br\/saude\/wp-content\/uploads\/sites\/17\/2014\/09\/guia-encaminhamento-de_-cadaver.pdf\">Guia Encaminhamento de Cad\u00e1ver;<\/a><\/li>\n\n\n\n<li><a href=\"https:\/\/jundiai.sp.gov.br\/saude\/wp-content\/uploads\/sites\/17\/2014\/09\/Manual-de-anomalias-congenitas-SP-2012.pdf\">Manual de anomalias cong\u00eanitas SP 2012<\/a>;<\/li>\n\n\n\n<li><a href=\"https:\/\/jundiai.sp.gov.br\/saude\/wp-content\/uploads\/sites\/17\/2017\/11\/resolucao-ss-74-de-12-9-2017-processo-notificacao-e-investigacao.pdf\">Resolu\u00e7\u00e3o Estadual SS-74 de 12\/09\/2017;<\/a><\/li>\n\n\n\n<li><a href=\"https:\/\/jundiai.sp.gov.br\/saude\/wp-content\/uploads\/sites\/17\/2017\/11\/ficha-estadual-de-investigacao-de-mulher-em-idade-fertil-xlsx.pdf\">Ficha Estadual de Investiga\u00e7\u00e3o de \u00f3bito de mulher de idade f\u00e9rtil (10-49 anos);<\/a><\/li>\n\n\n\n<li><a href=\"https:\/\/jundiai.sp.gov.br\/saude\/wp-content\/uploads\/sites\/17\/2017\/11\/e_pt-ccd-20_021017.pdf\">Portaria Estadual 20 de 02\/10\/2017;<\/a><\/li>\n\n\n\n<li><a href=\"https:\/\/jundiai.sp.gov.br\/saude\/wp-content\/uploads\/sites\/17\/2017\/11\/protocolo_de_investigacao_de_transmissao_vertical.pdf\">Protocolo de investiga\u00e7\u00e3o de transmiss\u00e3o vertical 2014;<\/a><\/li>\n\n\n\n<li><a href=\"https:\/\/jundiai.sp.gov.br\/saude\/wp-content\/uploads\/sites\/17\/2018\/10\/e_dl-cib-5_230211-investigacao-de-obito.pdf\">Investiga\u00e7\u00e3o de \u00f3bito<\/a>&nbsp;;<\/li>\n\n\n\n<li><a href=\"https:\/\/jundiai.sp.gov.br\/saude\/wp-content\/uploads\/sites\/17\/2018\/10\/microcefalia-protocolo-vigil-ncia-resposta-versao2-1-pdf-em-28-03-2016-1.pdf\">Protocolo de vigil\u00e2ncia e resposta \u00e0 ocorr\u00eancia de Microcefalia e \/ou Altera\u00e7\u00e3o do Sistema Nervoso Central (SNC);<\/a><\/li>\n\n\n\n<li><a href=\"https:\/\/jundiai.sp.gov.br\/saude\/wp-content\/uploads\/sites\/17\/2018\/10\/portaria-1119.pdf\">Portaria 1.119;<\/a><\/li>\n\n\n\n<li><a href=\"https:\/\/jundiai.sp.gov.br\/saude\/wp-content\/uploads\/sites\/17\/2018\/10\/portaria-1813-de-11-nov-2015-microcefalia-1.pdf\">Portaria n\u00ba 1.830 sobre&nbsp;Declara Emerg\u00eancia em Sa\u00fade P\u00fablica de import\u00e2ncia Nacional (ESPIN) por altera\u00e7\u00e3o do padr\u00e3o de ocorr\u00eancia de microcefalias no Brasil;<\/a><\/li>\n\n\n\n<li><a href=\"https:\/\/jundiai.sp.gov.br\/saude\/wp-content\/uploads\/sites\/17\/2018\/10\/portaria-ms-gm-72.pdf\">Portaria n\u00ba 72 sobre vigil\u00e2ncia do \u00f3bito infantil e fetal&nbsp;<\/a>;<\/li>\n\n\n\n<li><a href=\"https:\/\/jundiai.sp.gov.br\/saude\/wp-content\/uploads\/sites\/17\/2018\/10\/portaria-svs-47-de-03-de-maio-de-2016.pdf\">Portaria SVS 47 de 03 de maio de 2016<\/a>;<\/li>\n\n\n\n<li><a href=\"https:\/\/jundiai.sp.gov.br\/saude\/wp-content\/uploads\/sites\/17\/2018\/10\/resolucao-cfm-no-1779.pdf\">Resolu\u00e7\u00e3o CFM n\u00ba 1.779<\/a><\/li>\n\n\n\n<li><a href=\"https:\/\/jundiai.sp.gov.br\/saude\/wp-content\/uploads\/sites\/17\/2021\/06\/questionario_de_autopsia_verbal_-_ses-sp_24032020-1.pdf\">Question\u00e1rio de Aut\u00f3psia Verbal&nbsp;<\/a><\/li>\n<\/ul>\n\n\n\n<p><\/p>\n","protected":false},"excerpt":{"rendered":"<p>Fichas de notifica\u00e7\u00e3o: Impressos do Programa de Tuberculose Impressos do Programa de Imuniza\u00e7\u00e3o Outros impressos Impressos diversos referentes a \u00f3bitos e nascidos vivos<\/p>\n","protected":false},"author":14,"featured_media":0,"parent":737,"menu_order":0,"comment_status":"closed","ping_status":"closed","template":"page-subpaginas.php","meta":{"footnotes":""},"class_list":["post-747","page","type-page","status-publish","hentry"],"_links":{"self":[{"href":"https:\/\/jundiai.sp.gov.br\/saude\/wp-json\/wp\/v2\/pages\/747","targetHints":{"allow":["GET"]}}],"collection":[{"href":"https:\/\/jundiai.sp.gov.br\/saude\/wp-json\/wp\/v2\/pages"}],"about":[{"href":"https:\/\/jundiai.sp.gov.br\/saude\/wp-json\/wp\/v2\/types\/page"}],"author":[{"embeddable":true,"href":"https:\/\/jundiai.sp.gov.br\/saude\/wp-json\/wp\/v2\/users\/14"}],"replies":[{"embeddable":true,"href":"https:\/\/jundiai.sp.gov.br\/saude\/wp-json\/wp\/v2\/comments?post=747"}],"version-history":[{"count":101,"href":"https:\/\/jundiai.sp.gov.br\/saude\/wp-json\/wp\/v2\/pages\/747\/revisions"}],"predecessor-version":[{"id":6934,"href":"https:\/\/jundiai.sp.gov.br\/saude\/wp-json\/wp\/v2\/pages\/747\/revisions\/6934"}],"up":[{"embeddable":true,"href":"https:\/\/jundiai.sp.gov.br\/saude\/wp-json\/wp\/v2\/pages\/737"}],"wp:attachment":[{"href":"https:\/\/jundiai.sp.gov.br\/saude\/wp-json\/wp\/v2\/media?parent=747"}],"curies":[{"name":"wp","href":"https:\/\/api.w.org\/{rel}","templated":true}]}}