{"id":9,"date":"2017-02-16T12:11:14","date_gmt":"2017-02-16T14:11:14","guid":{"rendered":"https:\/\/jundiai.sp.gov.br\/seguranca-publica\/?page_id=9"},"modified":"2025-08-29T16:14:39","modified_gmt":"2025-08-29T19:14:39","slug":"gestor","status":"publish","type":"page","link":"https:\/\/jundiai.sp.gov.br\/seguranca-publica\/seguranca-municipal\/gestor\/","title":{"rendered":"Secret\u00e1rio"},"content":{"rendered":"\n<div class=\"wp-block-media-text alignwide is-stacked-on-mobile\" style=\"grid-template-columns:23% auto\"><figure class=\"wp-block-media-text__media\"><img loading=\"lazy\" decoding=\"async\" width=\"540\" height=\"960\" src=\"https:\/\/jundiai.sp.gov.br\/seguranca-publica\/wp-content\/uploads\/sites\/37\/2025\/01\/seguranca-guilherme-balbino-rigo-540x960.jpg\" alt=\"\" class=\"wp-image-74 size-full\" srcset=\"https:\/\/jundiai.sp.gov.br\/seguranca-publica\/wp-content\/uploads\/sites\/37\/2025\/01\/seguranca-guilherme-balbino-rigo-540x960.jpg 540w, https:\/\/jundiai.sp.gov.br\/seguranca-publica\/wp-content\/uploads\/sites\/37\/2025\/01\/seguranca-guilherme-balbino-rigo-281x500.jpg 281w, https:\/\/jundiai.sp.gov.br\/seguranca-publica\/wp-content\/uploads\/sites\/37\/2025\/01\/seguranca-guilherme-balbino-rigo-768x1365.jpg 768w, https:\/\/jundiai.sp.gov.br\/seguranca-publica\/wp-content\/uploads\/sites\/37\/2025\/01\/seguranca-guilherme-balbino-rigo-864x1536.jpg 864w, https:\/\/jundiai.sp.gov.br\/seguranca-publica\/wp-content\/uploads\/sites\/37\/2025\/01\/seguranca-guilherme-balbino-rigo.jpg 1080w\" sizes=\"auto, (max-width: 540px) 100vw, 540px\" \/><\/figure><div class=\"wp-block-media-text__content\">\n<h1 class=\"wp-block-heading\"><strong>Guilherme Balbino Rigo <\/strong><\/h1>\n\n\n\n<p><\/p>\n\n\n\n<p>Com uma trajet\u00f3ria s\u00f3lida no servi\u00e7o p\u00fablico, iniciou a carreira como estagi\u00e1rio na Prefeitura Municipal de Jundia\u00ed em 2008. Em 2010, foi aprovado no concurso para Assistente Administrativo, e em 2013, iniciou na Guarda Municipal de Jundia\u00ed (GMJ), onde atuou em diversos setores, com \u00eanfase na unidade de Canil &#8211; Opera\u00e7\u00f5es com C\u00e3es.<br>De 2021 a 2024, foi Secret\u00e1rio de Seguran\u00e7a P\u00fablica e Mobilidade Urbana em Caieiras.<br>Guilherme \u00e9 formado em Direito, p\u00f3s-graduado em Direito e Processo Penal, Direito Constitucional e Direito P\u00fablico, com \u00eanfase em Gest\u00e3o P\u00fablica.<br>Combinando experi\u00eancia pr\u00e1tica e forma\u00e7\u00e3o acad\u00eamica, busco solu\u00e7\u00f5es inovadoras e estrat\u00e9gicas para os desafios da Seguran\u00e7a P\u00fablica.<\/p>\n\n\n\n<p><\/p>\n\n\n\n<p><\/p>\n<\/div><\/div>\n\n\n\n<p><\/p>\n","protected":false},"excerpt":{"rendered":"<p>Guilherme Balbino Rigo Com uma trajet\u00f3ria s\u00f3lida no servi\u00e7o p\u00fablico, iniciou a carreira como estagi\u00e1rio na Prefeitura Municipal de Jundia\u00ed em 2008. Em 2010, foi aprovado no concurso para Assistente Administrativo, e em 2013, iniciou na Guarda Municipal de Jundia\u00ed (GMJ), onde atuou em diversos setores, com \u00eanfase na unidade de Canil &#8211; Opera\u00e7\u00f5es com [&hellip;]<\/p>\n","protected":false},"author":14,"featured_media":0,"parent":6,"menu_order":0,"comment_status":"closed","ping_status":"closed","template":"","meta":{"footnotes":""},"class_list":["post-9","page","type-page","status-publish","hentry"],"_links":{"self":[{"href":"https:\/\/jundiai.sp.gov.br\/seguranca-publica\/wp-json\/wp\/v2\/pages\/9","targetHints":{"allow":["GET"]}}],"collection":[{"href":"https:\/\/jundiai.sp.gov.br\/seguranca-publica\/wp-json\/wp\/v2\/pages"}],"about":[{"href":"https:\/\/jundiai.sp.gov.br\/seguranca-publica\/wp-json\/wp\/v2\/types\/page"}],"author":[{"embeddable":true,"href":"https:\/\/jundiai.sp.gov.br\/seguranca-publica\/wp-json\/wp\/v2\/users\/14"}],"replies":[{"embeddable":true,"href":"https:\/\/jundiai.sp.gov.br\/seguranca-publica\/wp-json\/wp\/v2\/comments?post=9"}],"version-history":[{"count":15,"href":"https:\/\/jundiai.sp.gov.br\/seguranca-publica\/wp-json\/wp\/v2\/pages\/9\/revisions"}],"predecessor-version":[{"id":80,"href":"https:\/\/jundiai.sp.gov.br\/seguranca-publica\/wp-json\/wp\/v2\/pages\/9\/revisions\/80"}],"up":[{"embeddable":true,"href":"https:\/\/jundiai.sp.gov.br\/seguranca-publica\/wp-json\/wp\/v2\/pages\/6"}],"wp:attachment":[{"href":"https:\/\/jundiai.sp.gov.br\/seguranca-publica\/wp-json\/wp\/v2\/media?parent=9"}],"curies":[{"name":"wp","href":"https:\/\/api.w.org\/{rel}","templated":true}]}}