{"id":156,"date":"2018-01-31T15:22:47","date_gmt":"2018-01-31T17:22:47","guid":{"rendered":"https:\/\/jundiai.sp.gov.br\/servicos-online\/?page_id=156"},"modified":"2018-01-31T15:22:47","modified_gmt":"2018-01-31T17:22:47","slug":"enderecos-de-agencias-dos-bancos-conveniados-em-jundiai","status":"publish","type":"page","link":"https:\/\/jundiai.sp.gov.br\/servicos-online\/enderecos-de-agencias-dos-bancos-conveniados-em-jundiai\/","title":{"rendered":"Endere\u00e7os de ag\u00eancias dos bancos conveniados em Jundia\u00ed"},"content":{"rendered":"<p><strong>Bradesco<\/strong><\/p>\n<p>Rua do Ros\u00e1rio, 209 \u2013 Centro<br \/>\nRua Bar\u00e3o de Jundia\u00ed, 916 &#8211; Centro<br \/>\nAvenida Jundia\u00ed, 626 \u2013 Parque da Uva<br \/>\nAvenida 9 de Julho, 380 \u2013 Parque do Col\u00e9gio<\/p>\n<p><strong>Ita\u00fa<\/strong><\/p>\n<p>Rua Bar\u00e3o de Jundia\u00ed, 901 \u2013 Centro<br \/>\nRua do Ros\u00e1rio, 249 \u2013 Centro<br \/>\nAvenida S\u00e3o Jo\u00e3o, 404 \u2013 Ponte S\u00e3o Jo\u00e3o<br \/>\nRua Itirapina, 1470 \u2013 Vila Hortol\u00e2ndia<\/p>\n<p><strong>Santander<\/strong><\/p>\n<p>Rua Rangel Pestana, 176 \u2013 Centro<br \/>\nRua Bar\u00e3o de Jundia\u00ed, 884 \u2013 Centro<br \/>\nAvenida Jundia\u00ed, 599 \u2013 Parque da Uva<br \/>\nRua Itirapina, 1475 \u2013 Vila Hortol\u00e2ndia<\/p>\n","protected":false},"excerpt":{"rendered":"<p>Bradesco Rua do Ros\u00e1rio, 209 \u2013 Centro Rua Bar\u00e3o de Jundia\u00ed, 916 &#8211; Centro Avenida Jundia\u00ed, 626 \u2013 Parque da Uva Avenida 9 de Julho, 380 \u2013 Parque do Col\u00e9gio Ita\u00fa Rua Bar\u00e3o de Jundia\u00ed, 901 \u2013 Centro Rua do Ros\u00e1rio, 249 \u2013 Centro Avenida S\u00e3o Jo\u00e3o, 404 \u2013 Ponte S\u00e3o Jo\u00e3o Rua Itirapina, 1470 [&hellip;]<\/p>\n","protected":false},"author":30,"featured_media":0,"parent":0,"menu_order":0,"comment_status":"closed","ping_status":"closed","template":"","meta":{"footnotes":""},"class_list":["post-156","page","type-page","status-publish","hentry"],"_links":{"self":[{"href":"https:\/\/jundiai.sp.gov.br\/servicos-online\/wp-json\/wp\/v2\/pages\/156","targetHints":{"allow":["GET"]}}],"collection":[{"href":"https:\/\/jundiai.sp.gov.br\/servicos-online\/wp-json\/wp\/v2\/pages"}],"about":[{"href":"https:\/\/jundiai.sp.gov.br\/servicos-online\/wp-json\/wp\/v2\/types\/page"}],"author":[{"embeddable":true,"href":"https:\/\/jundiai.sp.gov.br\/servicos-online\/wp-json\/wp\/v2\/users\/30"}],"replies":[{"embeddable":true,"href":"https:\/\/jundiai.sp.gov.br\/servicos-online\/wp-json\/wp\/v2\/comments?post=156"}],"version-history":[{"count":1,"href":"https:\/\/jundiai.sp.gov.br\/servicos-online\/wp-json\/wp\/v2\/pages\/156\/revisions"}],"predecessor-version":[{"id":157,"href":"https:\/\/jundiai.sp.gov.br\/servicos-online\/wp-json\/wp\/v2\/pages\/156\/revisions\/157"}],"wp:attachment":[{"href":"https:\/\/jundiai.sp.gov.br\/servicos-online\/wp-json\/wp\/v2\/media?parent=156"}],"curies":[{"name":"wp","href":"https:\/\/api.w.org\/{rel}","templated":true}]}}